to base 12.
-2
What is -19 (base 15) in base 9?
-26
What is 68 (base 11) in base 3?
2202
Convert 10 (base 4) to base 8.
4
Convert 1 (base 14) to base 6.
1
-88 (base 16) to base 9
-161
What is 4 (base 5) in base 4?
10
Convert -2 (base 10) to base 8.
-2
-24 (base 8) to base 13
-17
Convert 3 (base 7) to base 15.
3
2 (base 9) to base 11
2
Convert 2 (base 8) to base 2.
10
Convert -21 (base 10) to base 6.
-33
What is 4 (base 11) in base 7?
4
Convert 1 (base 4) to base 3.
1
Convert 103 (base 7) to base 5.
202
-3 (base 13) to base 4
-3
101 (base 2) to base 5
10
Convert -2 (base 10) to base 3.
-2
70 (base 11) to base 4
1031
-11110 (base 2) to base 15
-20
-35 (base 7) to base 16
-1a
Convert 254 (base 6) to base 11.
97
Convert -11 (base 2) to base 4.
-3
-3 (base 16) to base 12
-3
24 (base 9) to base 13
19
What is 100 (base 2) in base 15?
4
47 (base 12) to base 4
313
6 (base 8) to base 2
110
Convert -133 (base 6) to base 8.
-71
What is 2 (base 14) in base 9?
2
Convert 2 (base 9) to base 14.
2
Convert 2 (base 14) to base 16.
2
What is -113 (base 4) in base 2?
-10111
Convert 0 (base 5) to base 9.
0
Convert -1c9 (base 15) to base 5.
-3124
306 (base 8) to base 3
21100
-47 (base 8) to base 14
-2b
What is -1 (base 4) in base 16?
-1
What is -30 (base 6) in base 7?
-24
Convert 1 (base 12) to base 10.
1
Convert -422 (base 7) to base 4.
-3110
Convert -10 (base 16) to base 4.
-100
What is 13 (base 5) in base 8?
10
What is -341 (base 6) in base 10?
-133
Convert 0 (base 10) to base 12.
0
What is 3110 (base 4) in base 10?
212
What is -a (base 14) in base 10?
-10
Convert -1 (base 4) to base 12.
-1
Convert -64 (base 7) to base 5.
-141
Convert -1 (base 6) to base 16.
-1
What is 3 (base 4) in base 2?
11
Convert -2 (base 11) to base 12.
-2
Convert -2100 (base 3) to base 6.
-143
Convert 63 (base 11) to base 4.
1011
-3012 (base 4) to base 13
-123
What is 31 (base 7) in base 15?
17
Convert 3 (base 8) to base 13.
3
What is -3 (base 6) in base 2?
-11
-433 (base 5) to base 4
-1312
2 (base 15) to base 13
2
Convert 48 (base 15) to base 11.
62
Convert 5 (base 15) to base 16.
5
Convert -3 (base 9) to base 14.
-3
What is -234 (base 5) in base 3?
-2120
Convert -25 (base 10) to base 7.
-34
What is -99 (base 10) in base 5?
-344
-1 (base 6) to base 13
-1
What is 254 (base 7) in base 12?
b5
Convert 31 (base 12) to base 14.
29
What is 1211 (base 3) in base 7?
100
What is -14 (base 6) in base 2?
-1010
-113 (base 4) to base 5
-43
Convert 11 (base 5) to base 6.
10
What is 53 (base 15) in base 2?
1001110
What is -27 (base 9) in base 4?
-121
Convert 5 (base 11) to base 9.
5
What is 18 (base 14) in base 12?
1a
What is -1d (base 14) in base 8?
-33
What is 22 (base 10) in base 16?
16
11 (base 13) to base 5
24
What is 0 (base 8) in base 4?
0
Convert -30 (base 7) to base 14.
-17
Convert 2 (base 12) to base 6.
2
Convert -4b (base 13) to base 5.
-223
What is -3 (base 14) in base 2?
-11
What is -ba (base 14) in base 6?
-432
-67 (base 13) to base 3
-10011
What is 245 (base 6) in base 7?
203
What is -40 (base 8) in base 6?
-52
What is 1000111 (base 2) in base 8?
107
Convert 11 (base 3) to base 15.
4
What is 54 (base 13) in base 2?
1000101
Convert 11010 (base 2) to base 10.
26
-7 (base 11) to base 4
-13
11 (base 4) to base 7
5
-8d (base 15) to base 7
-250
What is -110 (base 4) in base 8?
-24
What is b (base 12) in base 7?
14
What is 7 (base 9) in base 14?
7
Convert -1000111 (base 2) to base 13.
-56
b7 (base 13) to base 8
226
What is -1 (base 16) in base 3?
-1
-2 (base 7) to base 13
-2
Convert 0 (base 3) to base 6.
0
-34 (base 16) to base 13
-40
-125 (base 8) to base 12
-71
What is -49 (base 13) in base 8?
-75
What is -5 (base 8) in base 2?
-101
-14 (base 5) to base 13
-9
What is -18 (base 12) in base 9?
-22
Convert -136 (base 13) to base 8.
-326
Convert 3 (base 16) to base 8.
3
What is -3 (base 4) in base 13?
-3
Convert 2 (base 15) to base 6.
2
-86 (base 16) to base 10
-134
What is -b (base 14) in base 2?
-1011
What is -3 (base 7) in base 10?
-3
-3a (base 11) to base 10
-43
-35 (base 11) to base 2
-100110
Convert -27 (base 15) to base 6.
-101
Convert 6 (base 7) to base 15.
6
Convert -3 (base 5) to base 13.
-3
18 (base 14) to base 6
34
What is 0 (base 16) in base 10?
0
What is 1 (base 3) in base 4?
1
Convert -d (base 16) to base 4.
-31
What is 1 (base 11) in base 5?
1
What is 4 (base 5) in base 4?
10
Convert 29 (base 15) to base 8.
47
Convert 76 (base 16) to base 12.
9a
-456 (base 8) to base 12
-212
-4 (base 13) to base 5
-4
Convert 5d (base 14) to base 2.
1010011
Convert 1 (base 14) to base 15.
1
4 (base 9) to base 15
4
-11 (base 3) to base 10
-4
100 (base 4) to base 6
24
What is -402 (base 7) in base 15?
-d3
Convert -40 (base 8) to base 14.
-24
Convert -345 (base 6) to base 16.
-89
Convert -3 (base 14) to base 5.
-3
-2 (base 8) to base 2
-10
-25 (base 15) to base 7
-50
What is 1001 (base 2) in base 11?
9
What is -3 (base 10) in base 6?
-3
-41 (base 7) to base 10
-29
What is 21120 (base 3) in base 15?
d9
What is a (base 16) in base 13?
a
25 (base 10) to base 9
27
What is -4 (base 12) in base 11?
-4
What is -4 (base 12) in base 2?
-100
What is -1010100 (base 2) in base 6?
-220
What is -10 (base 10) in base 8?
-12
Convert -2211 (base 3) to base 4.
-1030
-17 (base 12) to base 9
-21
Convert -36 (base 8) to base 5.
-110
Convert -6 (base 11) to base 5.
-11
100 (base 6) to base 5
121
Convert c0 (base 13) to base 5.
1111
138 (base 12) to base 7
356
-2e (base 15) to base 12
-38
Convert -3 (base 9) to base 13.
-3
What is 13 (base 4) in base 3?
21
-22 (base 8) to base 13
-15
Convert b (base 13) to base 10.
11
What is -10 (base 7) in base 9?
-7
Convert -44 (base 5) to base 8.
-30
-11 (base 3) to base 16
-4
15 (base 8) to base 2
1101
What is 10100 (base 2) in base 12?
18
Convert -1 (base 6) to base 3.
-1
-225 (base 13) to base 4
-11301
Convert -99 (base 12) to base 10.
-117
Convert -13 (base 4) to base 5.
-12
1d (base 14) to base 11
25
Convert -10 (base 2) to base 4.
-2
-114 (base 8) to base 14
-56
What is -4 (base 10) in base 13?
-4
Convert -101 (base 2) to base 3.
-12
Convert 46 (base 14) to base 12.
52
What is 0 (base 5) in base 14?
0
What is 92 (base 13) in base 2?
1110111
-25 (base 6) to base 13
-14
3 (base 8) to base 5
3
Convert 105 (base 9) to base 4.
1112
4 (base 12) to base 7
4
Convert -34 (base 6) to base 8.
-26
216 (base 7) to base 4
1233
Convert -6 (base 12) to base 8.
-6
4 (base 7) to base 6
4
What is -22 (base 4) in base 6?
-14
What is -41 (base 6) in base 3?
-221
Convert -10000101 (base 2) to base 8.
-205
Convert 4 (base 15) to base 4.
10
What is -213 (base 4) in base 8?
-47
-133 (base 4) to base 11
-29
What is -5 (base 7) in base 14?
-5
Convert -43 (base 14) to base 5.
-214
Convert -143 (base 7) to base 15.
-55
0 (base 10) to base 15
0
Convert 7 (base 10) to base 3.
21
What is -2c (base 14) in base 3?
-1111
Convert -88 (base 16) to base 13.
-a6
Convert 10 (base 4) to base 7.
4
Convert 0 (base 12) to base 3.
0
Convert 1103 (base 5) to base 4.
2121
Convert 102 (base 6) to base 9.
42
3 (base 5) to base 11
3
-10100 (base 2) to base 9
-22
Convert 47 (base 13) to base 9.
65
5 (base 13) to base 2
101
Convert 3 (base 14) to base 12.
3
Convert 24 (base 12) to base 10.
28
-1 (base 10) to base 12
-1
Convert 37 (base 10) to base 8.
45
Convert -40 (base 5) to base 7.
-26
-13 (base 4) to base 9
-7
Convert 4 (base 7) to base 16.
4
What is -40 (base 9) in base 3?
-1100
-70 (base 14) to base 7
-200
Convert -1011100 (base 2) to base 7.
-161
What is -9 (base 16) in base 9?
-10
1 (base 6) to base 12
1
de (base 16) to base 12
166
Convert -6a (base 13) to base 16.
-58
14 (base 7) to base 15
b
Convert 33 (base 6) to base 4.
111
Convert -5 (base 11) to base 2.
-101
Convert -10 (base 6) to base 15.
-6
Convert 0 (base 4) to base 10.
0
Convert 19 (base 12) to base 5.
41
What is -3 (base 6) in base 7?
-3
-3 (base 8) to base 16
-3
Convert 1b (base 13) to base 14.
1a
Convert 52 (base 11) to base 6.
133
What is -100000 (base 2) in base 13?
-26
Convert -3 (base 15) to base 10.
-3
34 (base 5) to base 3
201
Convert -79 (base 12) to base 11.
-85
Convert 40 (base 14) to base 11.
51
-11 (base 8) to base 7
-12
What is 5 (base 7) in base 12?
5
Convert -24 (base 8) to base 2.
-10100
Convert 11 (base 6) to base 16.
7
2 (base 10) to base 1